s the remainder when 98/o*(-12)/7 is divided by 11?
9
Let w = 53 + -12. What is the remainder when w is divided by 22?
19
Let h = -51 + 65. What is the remainder when 97 is divided by h?
13
Suppose 4 = -2*f - 6, 0 = -5*j + f + 215. Calculate the remainder when (6/4)/(3/j) is divided by (-33)/2*(-2)/3.
10
Let x(s) = -s + 4. Let l be x(-5). Suppose -3*m = -3 - l. Calculate the remainder when m is divided by ((-2)/(-6))/((-2)/(-18)).
1
Let a = -95 + 144. What is the remainder when a is divided by (-8)/28 - 121/(-7)?
15
Let p be 6/3 - (-2 - -2). Suppose p*n + 56 = 6*n. Calculate the remainder when 55 is divided by n.
13
Calculate the remainder when 32 is divided by (-783)/(-116)*(-16)/(-6).
14
Let s = 73 + -38. What is the remainder when s is divided by 12?
11
Suppose 2*b = b + 3. Let w = 23 + -20. What is the remainder when b is divided by w?
0
Suppose 4*f + 104 - 340 = 0. Let q = 33 + -13. Calculate the remainder when f is divided by q.
19
What is the remainder when (-9 + 13)*2/4*38 is divided by 40?
36
Suppose 2*d = 4*d - 54. Suppose 2*t - 15 = 9. Suppose -t - 2 = -a. Calculate the remainder when d is divided by a.
13
Suppose -11 - 5 = -4*r. Suppose m + 4 - 5 = 0. Suppose v = 1 + m. Calculate the remainder when r is divided by v.
0
Let p = 270 - -76. What is the remainder when p is divided by 58?
56
Suppose 5*r = -34 + 159. Calculate the remainder when r is divided by 9.
7
Suppose -2*m = -a + 1, -5*a + 2*a = -4*m - 9. What is the remainder when 12 is divided by a?
5
Suppose -k - 4 + 34 = 0. What is the remainder when 87 is divided by k?
27
Let d(t) = 5*t + 1 - t - 2. Let n be d(1). What is the remainder when 5 is divided by n/(2 + (1 - 2))?
2
Suppose 4*r - 8 = q, -3*r + 1 + 5 = -q. Let b(t) = 4*t + 2 + q*t - 5*t. Calculate the remainder when 12 is divided by b(-5).
5
Suppose 3*i - o = -4*o + 57, -5*o = -i + 7. Let c = -2 + i. Calculate the remainder when 26 is divided by c.
11
Let c be -8*(2 + -4)/4. Let k = c + -1. Calculate the remainder when 12 is divided by k.
0
Let s = 169 + -97. Calculate the remainder when s is divided by 19.
15
Let k = -8 - -9. Suppose -4*c - 2*i + 2 = -4*i, -5*i = -5. What is the remainder when c is divided by k?
0
Let n = -141 - -159. Calculate the remainder when (-70)/(0 - (-2 - -3)) is divided by n.
16
Let s(l) = -11*l. Suppose 50 = -2*u + 308. Suppose 0 = 2*j + j - u. What is the remainder when j is divided by s(-1)?
10
Let z = -51 - -82. Calculate the remainder when z is divided by 8.
7
Let o(k) = k**3 - 2*k**2 + 3*k - 2. Let r(b) be the second derivative of b**5/4 + b**4/12 - 2*b. What is the remainder when o(3) is divided by r(1)?
4
What is the remainder when 1773/36 - (-3)/4 is divided by 17?
16
Suppose 0 = -b - 2 + 11. Suppose 0 = 8*k - 13*k + 75. What is the remainder when k is divided by b?
6
Suppose 5*r - 144 = -44. Let w(s) = s**2 + 2*s + 3. What is the remainder when w(-7) is divided by r?
18
Suppose q + 2*k + 3 = 1, 0 = -2*q - 2*k. What is the remainder when (10/1)/(q/4) is divided by 7?
6
Suppose -o - 5 = -32. Let s = o - 9. What is the remainder when s is divided by 5?
3
Let p(h) = 4*h**2 + 6*h + 10. What is the remainder when p(-7) is divided by 14?
10
Suppose 5*v - 24 = -2*y - 6, 3*y = -2*v + 16. Suppose -v*t - 5*o = -4*t + 96, 3*o = -4*t + 244. Calculate the remainder when t is divided by 15.
13
What is the remainder when 80/(-4)*(-15)/12 is divided by ((1 - 2) + 3)*7?
11
Let n be (2/4)/(1/(-12)). Suppose 0 = -2*s - 5*a - 1, -5*a = -5*s - a - 85. Let k = n - s. What is the remainder when k is divided by 4?
3
Suppose 36 = -3*f + 6*f. What is the remainder when 28 is divided by (-3)/f + 41/4?
8
What is the remainder when 51 is divided by 1*(-1 + (-56)/(-4))?
12
Suppose g - 75 = -5*a, 2*a = -0*a - 3*g + 17. Let w = 175 - 112. What is the remainder when w is divided by a?
15
Let h(d) = 3*d - 7. Suppose -3 = 5*r - 68. Calculate the remainder when r - (-1 + 1 + -2) is divided by h(5).
7
Let o = 20 + -18. Suppose -17 = -3*n - o*h, 2*n = -3*n - h + 26. What is the remainder when 23 is divided by n?
3
Calculate the remainder when (0 - 30/4)*(-88)/12 is divided by 28.
27
Suppose -u = 158 - 514. Calculate the remainder when (-16)/(-40) + u/10 is divided by 13.
10
Let r = -24 + 39. Suppose 5*f - 2*n - 211 = 0, 2*n - 6 = -n. Calculate the remainder when f is divided by r.
13
Suppose 3*g - 101 = -4*l, 31 = 4*g - 3*l - 62. Suppose -4*h + 11 = -o, 3*o + h = g + 5. What is the remainder when 178/o - (-6)/27 is divided by 7?
6
Suppose 4*v = -5*w + 55, 0 = -4*w - 3*v + 44. Suppose -k + 15 = 4*k. Calculate the remainder when w is divided by (12/k - 3) + 3.
3
Let h = 0 + 2. Suppose -4*n = -5 - 7. What is the remainder when n is divided by h?
1
Suppose -8 = 2*f - 28. Let t = f + -5. Calculate the remainder when t is divided by 3.
2
Let n = -55 - -65. What is the remainder when (-2)/(-3) + (-49)/(-3) is divided by n?
7
Suppose -3*f + 118 = -f. Calculate the remainder when f is divided by 30 + -7 - (0 + 3).
19
Let x(d) = 15*d - 19. Let h(p) = -7*p + 10. Suppose 0 = -3*o - 0*o + 18. Let l(f) = o*x(f) + 13*h(f). Calculate the remainder when 26 is divided by l(7).
8
Suppose u - 8 = 4. Let w = u - 26. Let a = -9 - w. What is the remainder when 8 is divided by a?
3
Let w = -55 + 71. Calculate the remainder when 94 is divided by w.
14
Let j(r) = r**2 - 4*r - 7. Suppose 3*s = -5*b + 56, -12 = -2*s + b + 2*b. Suppose -4*l = -2*l - s. Calculate the remainder when 9 is divided by j(l).
4
Let q = -64 + 109. Let j = -16 + 28. What is the remainder when q is divided by j?
9
Suppose -10*g = -3*g - 406. What is the remainder when g is divided by 3/((3/(-5))/(-3))?
13
Suppose 3 = -c - 3*b + 48, -2*c - 4*b + 82 = 0. What is the remainder when c is divided by 9?
6
Suppose 0 = -4*g - 4, 2*v = 5*g + 35 + 22. Let k = v + -12. Calculate the remainder when -10*(399/(-84) + (-6)/8) is divided by k.
13
Suppose j = -5*i - j + 282, -3*i + 162 = 3*j. Calculate the remainder when i is divided by 4/22 + 654/33.
18
Suppose -43 + 3 = -4*m. Calculate the remainder when 36 is divided by m.
6
Let u = -5 - -12. Suppose g - u = 5. Calculate the remainder when 23 is divided by g.
11
Suppose 0*a = 2*a + 3*u - 240, 4*u - 238 = -2*a. Calculate the remainder when a is divided by 31.
30
Suppose -13 + 4 = -5*a - 4*n, 2*a + 2 = 4*n. Suppose -4*u = 11 + a. What is the remainder when 4 is divided by (-1)/(u/1)*6?
0
Let d(b) = -3*b + 7. Let w = 26 - -38. Calculate the remainder when w is divided by d(-5).
20
Calculate the remainder when 75 is divided by (76/(-16))/(2/(-8)).
18
Let k(l) be the first derivative of 7*l**2 - 2*l + 1. Calculate the remainder when k(3) is divided by ((-4)/(-2))/(6/42).
12
Suppose 0*i = -2*i + 5*c + 43, 2*i + 2*c - 22 = 0. Suppose -17 = -3*z - 5. What is the remainder when i is divided by z?
2
Suppose -5*r + 685 - 270 = 5*p, 2*r + 4*p = 162. Calculate the remainder when r is divided by 22.
19
Let x(m) = m**2 - 8*m. Let c be 4*-3*9/(-12). What is the remainder when 16 is divided by x(c)?
7
Let b be 66/(-8) - 1/(-4). What is the remainder when 7 is divided by (-1 - 0)/2*b?
3
Let u(w) = -w**2 + 6*w + 1. What is the remainder when 28 is divided by u(3)?
8
Let b = 13 - 5. Let z = -1 + b. Calculate the remainder when 20 is divided by z.
6
Let b(c) = -c - 1. Let w(r) = -r - 1. Let g(v) = -3*b(v) + 2*w(v). What is the remainder when 3 is divided by g(1)?
1
Let l(u) = -11*u + 2*u**2 + 6 - u**2 + 0. Let h be l(11). Calculate the remainder when 31 is divided by h/9*(-66)/(-4).
9
Suppose -14*q = -13*q - 31. Let a = 43 + -27. Calculate the remainder when q is divided by a.
15
Let p = 10 + 49. Suppose -v - 4*r + 7 = 0, -v - 5*r = -4 - 1. Calculate the remainder when p is divided by v.
14
Let v be (-4)/6*(9 + -12). Suppose -v*o = -7*o + 10. Suppose 3*d + 0*h - o*h = 132, -132 = -3*d + 5*h. What is the remainder when d is divided by 23?
21
Let c = 15 + -18. Let o(h) be the first derivative of -h**4/4 - h**3 - h**2/2 + 2*h - 1. What is the remainder when 9 is divided by o(c)?
4
Let d(m) = -m**3 + m**2 + 1. Let g(w) = -6*w**3 + 5*w + 4. Let h(n) = -5*d(n) + g(n). Calculate the remainder when 14 is divided by h(-6).
4
Let f(h) = -h + 4. Let a = 5 + -5. What is the remainder when 10 is divided by f(a)?
2
Let m(c) = 4*c**2 + 5*c + 4. Let i be m(-3). Suppose 3